4152 + 853200. Is o prime?
False
Let o(h) = -52*h**3 + 5*h**2 - 7*h + 33. Let a(w) = -53*w**3 + 5*w**2 - 8*w + 35. Let l(y) = 5*a(y) - 6*o(y). Is l(4) a composite number?
True
Let i = 387716 - 272683. Is i a composite number?
True
Suppose 2*b - 5*a = -2531 + 27, 4*b - a + 4972 = 0. Let t = 4343 + b. Is t composite?
True
Let s(n) = -3*n**3 - 13*n**2 - 18*n - 37. Is s(-17) composite?
False
Suppose 2*c - 2*h - 150 = -4*h, 2*c - 4*h - 156 = 0. Let r = c + -64. Is (-8)/r - 4913/(-3) a prime number?
True
Let m(l) = 412*l**2 + 40*l + 431. Is m(-13) composite?
False
Suppose 0 = -l - 5*u + 9, -5*l = -3*u - 6 + 17. Is (-20)/(-5) + (-17287)/l a prime number?
True
Let z = 1690 - 469. Suppose 234 = -w + z. Suppose -6*m - w = -13*m. Is m a composite number?
True
Let b(u) = -16*u**3 + 8*u**2 - 8*u - 35. Let h be b(-7). Suppose 0 = -10*j + 18009 + h. Is j a prime number?
False
Let f(u) = 6166*u**2 - 56*u - 515. Is f(21) a composite number?
True
Suppose -97*r + 95*r + 34252 = 0. Let u = -11529 + r. Is u composite?
True
Let u = -11005 - -15535. Suppose -u = 5*f - 11*f. Is f composite?
True
Suppose -736 = 4*c - 10704. Suppose c = 3*w + h, -3*w + h + 4081 - 1599 = 0. Is w a composite number?
False
Let v(s) = -6 + 53*s - 54*s + 137*s**2 - 41. Is v(11) a prime number?
True
Let t = 1001 - -256. Is (t - 9) + (-1)/(-1) composite?
False
Suppose 2*l - 350 = -8*l. Suppose 4*k + 15 = l. Suppose 6*m = 3*m - o + 698, -2*m + 471 = -k*o. Is m prime?
True
Suppose 0 = 5*r + 4*h - 10091249, -5*r + 3*h = 2592663 - 12683905. Is r prime?
True
Suppose -65*h + 66*h = 0. Let o be (-20)/(-1) - (-2 - h)/2. Suppose -o*d + 15*d + 14298 = 0. Is d a composite number?
False
Suppose -5*j + 2*g = -2*g - 245900, -98360 = -2*j - g. Is (2/4)/((-49170)/j + 1) composite?
False
Suppose -4*v + 2*v = 3*y + 25, -10 = -v + 3*y. Let t be (-2 - v)/(6/(-16)*-2). Suppose 5*c - 20 = -0*c, -t*o + c + 1288 = 0. Is o a composite number?
True
Suppose -15*i - 7*i + 230032 = 0. Suppose 0 = 22*o - 80966 + i. Is o a prime number?
False
Let d = -67764 + 112535. Is d a prime number?
True
Let z be 44/(-10) + 21/(-35). Let c be 4 - (1/1 - z). Is 0 + 5 + c + 108*5 composite?
True
Let d(r) = 1 - 8 + 46*r - 3 - 4. Let q be d(8). Let g = q - 239. Is g a composite number?
True
Let y = 32 + -64. Let a be (-13976)/y + 1/4. Suppose -3*o = a - 1568. Is o composite?
True
Suppose 8*k - 4174 = 4570. Suppose -7490 - k = -3*d. Suppose -2*b = 2*y - 5722, 2*y = b - 0*y - d. Is b a prime number?
True
Suppose -2*y + x + 164376 = 0, 0*y - y = 4*x - 82197. Is y a prime number?
True
Suppose 0*k - k - 2 = 0. Let l(g) be the third derivative of -29*g**6/40 + g**4/24 + g**3/2 + 2*g**2 - 56*g. Is l(k) a prime number?
False
Let t(g) = 367*g - 131. Let l be t(-4). Let v = 478 + -998. Let r = v - l. Is r a composite number?
True
Suppose 51741 = 7*g - 20765. Suppose -4*c + 4*t = -3*c - 5185, g = 2*c - 2*t. Is c composite?
True
Suppose -9*s + 34587 + 4435 + 92891 = 0. Is s composite?
False
Let f(y) = -y**3 - 4*y**2 - y - 2. Let z be f(-3). Let x be 1*(z/3)/((-14)/21). Suppose 622 + 1374 = x*b. Is b a prime number?
True
Let j = -2189358 + 3077915. Is j a composite number?
False
Suppose -t + 6*t = -4*x + 483, -5*t = -4*x - 467. Suppose 98*q - 15099 = t*q. Is q a composite number?
True
Let u = 118317 + 4394. Is u composite?
True
Let x be 8/5 + (-2)/(-5). Let s(t) = -228*t**2 + 13*t - 3. Let p(k) = 230*k**2 - 18*k + 2. Let h(j) = -2*p(j) - 3*s(j). Is h(x) a composite number?
True
Suppose -5 = -n + 4. Let z be 9058/18 - 2/n. Suppose q + 4*k - 265 = 0, -6*q = -4*q - k - z. Is q a prime number?
False
Suppose -2*t + j + 903 = 0, -2*j = -0 + 10. Let g be ((-34)/5)/((-10)/350). Let q = t - g. Is q prime?
True
Let s(f) = 2*f**3 + 5*f**2 + f - 3. Let d be s(1). Suppose -35*n + 194120 = d*n. Is n prime?
False
Let b(f) = 6829*f - 260. Let u(c) = 3413*c - 130. Let z(t) = 2*b(t) - 5*u(t). Is z(-5) a composite number?
True
Suppose -923337 = -5*v - 4*a, 3*v + 45*a - 554015 = 49*a. Is v a composite number?
False
Let y(l) = -l**3 + 10*l**2 - 10*l + 12. Let q be -8 - -5 - 0 - -8. Suppose -2*g + 41 = 5*s, 0*g - 29 = -2*s - q*g. Is y(s) a composite number?
False
Suppose -75 = 5*j - 45. Let v(a) = 141*a - 2. Let d(f) = 141*f - 3. Let s(c) = 5*d(c) - 6*v(c). Is s(j) a composite number?
True
Let j(n) = -13221*n - 2459. Is j(-10) a prime number?
False
Suppose -4*o + 17801 = 3*u, 0*o + 5*o = u - 5940. Let p = u + -1556. Is p composite?
True
Is (0 - -1311355)*3/15 a composite number?
False
Let v(t) = -1729*t - 14. Suppose 24*h + 73 = 1. Is v(h) prime?
False
Let z(m) = 32500*m - 6807. Is z(26) a prime number?
True
Let a = 91227 + 69715. Is a composite?
True
Let b be -56*((-30)/(-6) + 257). Let h = 28167 + b. Is h a composite number?
True
Suppose 2*b = -422 + 4236. Suppose -19*y = 6*y - 100. Suppose -m - 3175 = -5*v, -3*v + 5*m - y*m = -b. Is v prime?
False
Let x(u) = -37*u**3 - 23*u**2 - 19*u + 45. Is x(-8) composite?
False
Suppose -2*f - 5*a + 26 + 42 = 0, 0 = 4*f - a - 92. Suppose 0 = -f*h + 13*h + 64339. Is h composite?
False
Let v be 3 + (9936 - -2) + 1. Suppose -v = 137*c - 143*c. Is c composite?
False
Is (-6)/26 + 16 + (-254059936)/(-169) prime?
True
Let z be 69/(-115) + 48/5. Suppose z*l = -3*l + 9852. Is l prime?
True
Suppose -5*s + 4*a = -43, -3*s + 4*a + 12 + 9 = 0. Is (s - 18) + 10140/1 a prime number?
True
Let t = -81 + 88. Suppose -t*f + 15*f = 9208. Is f prime?
True
Suppose 4*u + 4*t - 17864 = -0*t, 13393 = 3*u + 2*t. Suppose -u = -5*r - 266. Is r composite?
False
Let n(r) = 5 + 8 - 15 + 7 + 126*r. Suppose -q + 7*q = 30. Is n(q) prime?
False
Let f(h) = 257*h**2 - 6*h + 333. Is f(-14) composite?
False
Suppose -4*s = -11*s - 336. Let d = 42 + s. Is d/(-2) + 0 + 1864 a prime number?
True
Suppose 10 = 5*h, 0 = i - 3*i - 3*h - 2296. Let s = -816 - i. Suppose -4*u + 327 = 3*b - u, s = 3*b - u. Is b prime?
False
Suppose -4662556 = -4*g - 2*z, -63*g - 5*z - 3496969 = -66*g. Is g composite?
False
Let p be -4 + 9 + -1 + (1 - 1). Suppose 4*a - p = 2*a. Suppose 3*w = -5*d + 2*d + 1242, -d + 429 = -a*w. Is d a prime number?
True
Suppose 0 = -37*i + 38*i + 11. Is -111*(-1)/(-3)*i composite?
True
Is -177397*(2/(-3))/(9/((-216)/(-16))) prime?
False
Let k = -4864 - -2018. Let z = k + 1550. Let y = z - -4333. Is y a composite number?
False
Let x = 1983659 + -1338346. Is x a composite number?
False
Suppose 20 = -4*r + 100. Suppose -6*b + r = -b. Suppose -b*j + 2803 = -5*n, 4*n + 544 = 2*j - 862. Is j a prime number?
False
Let j = 40 - 43. Is (1027/(-13))/((9/33)/j) prime?
False
Let w(l) be the third derivative of l**6/12 - l**5/15 - 5*l**4/12 - 3*l**3/2 - 69*l**2. Suppose 14 = 4*k - 6. Is w(k) prime?
True
Is 198402/12 + 119/34 prime?
False
Let l be (-13)/(78/(-24))*434. Suppose 2*g = l + 4538. Is g a composite number?
False
Let x(q) = 2*q**2 + 10*q + 59. Let p(h) = -3*h**2 - 21*h - 116. Let g(j) = 4*p(j) + 9*x(j). Is g(-23) composite?
True
Let a(o) = 1995*o + 3943. Is a(30) a prime number?
True
Suppose -5*l - 13*r - 7 = -12*r, -4*r = 5*l - 2. Is 4735 + l + 2/1 + 4 prime?
False
Let r(o) = o**3 + 9*o**2 - 9*o + 9. Let v be r(-10). Let p be 2/6 + (v - 40/(-15)). Suppose -f + 2559 = q, -p*f = 2*f + 2*q - 10236. Is f composite?
True
Let q(i) = i - 1. Let l(r) = 533*r**2 - 2*r + 4. Let u(a) = l(a) + 5*q(a). Let y be 33/77 + 8/14. Is u(y) a composite number?
True
Let t(v) = -3742*v**2 + 34*v - 25. Let o(a) = -2495*a**2 + 22*a - 17. Let y(m) = -8*o(m) + 5*t(m). Is y(3) a prime number?
True
Let x(v) = 1 - 46*v - 14 + 163*v - 32*v + 165*v. Is x(2) prime?
True
Let i be (-5)/3*(-23278 - -4). Suppose -8*q = -i - 5666. Suppose -l = -6*l + g + q, -5*l + 5553 = g. Is l composite?
True
Let r(q) = 43 - 1 + 43 + 46 + 1156*q. Is r(6) a composite number?
True
Suppose -i - 23 = 5*k - 4*i, -i - 4 = 0. Let c(g) = -g - 4. Let w be c(k). Suppose 0 = w*d - 2*d - 127. Is d prime?
True
Let m(i) = -i - 30. Let c be m(7). Let v be (c - 2)/((-27)/(-18)). Is (v/4)/((18/3)/(-276)) a composite number?
True
Suppose -14 - 1 = 3*l, -14 = 3*x + 4*l. Suppose 5*b + x*h + 8280 = 0, 4*b + 6624 = -0*b + 2*h. Let a = 3053 + b. Is a a composite number?
True
Let z(r) = -114*r**2 + 9*r + 5. Let m be 8 + -8 - 1*4. Let p be z(m). Let h = p + 2742. Is h prime?
True
Let s be (-12)/28 + 3772/14. Let n = s - -252. Is n composite?
F